{"id":44,"date":"2022-08-20T20:52:54","date_gmt":"2022-08-20T18:52:54","guid":{"rendered":"http:\/\/dacosta-handwerker.de\/?page_id=44"},"modified":"2026-04-08T16:21:40","modified_gmt":"2026-04-08T14:21:40","slug":"impressum","status":"publish","type":"page","link":"https:\/\/dacosta-handwerker.de\/?page_id=44","title":{"rendered":"Impressum"},"content":{"rendered":"<p><b>Angaben gem\u00e4\u00df \u00a7 5 TMG<\/b><\/p>\n<p>Rafael da Costa &#8211; Der freundliche Handwerker<br \/>\nMarion da Costa<br \/>\nAlt Breinig 27<br \/>\n52223 Stolberg-Breinig<\/p>\n<p>Mobil: 0157 \u2013 390 76 090<br \/>\nTel.: 02402 \u2013 70 96 250<br \/>\nFax: 02402 \u2013 70 97 510<\/p>\n<p>E-Mail: info@dacosta-handwerker.de<\/p>\n<p>USt-Id-Nr. tbd.<br \/>\nSt.Nr. tbd.<\/p>\n<p><b>Angaben zur Berufshaftpflichtversicherung<\/b><\/p>\n<p>Name und Sitz des Versicherers:<br \/>\nLVM Versicherung<br \/>\n48126 M\u00fcnster<\/p>\n<p>Geltungsraum der Versicherung:<br \/>\nDeutschland<\/p>\n<p><b>Streitschlichtung<\/b><\/p>\n<p>Die Europ\u00e4ische Kommission stellt eine Plattform zur Online-Streitbeilegung (OS) bereit:<br \/>\nhttps:\/\/ec.europa.eu\/consumers\/odr\/main\/index.cfm?event=main.home.chooseLanguage.<\/p>\n<p>Unsere E-Mail-Adresse finden Sie oben im Impressum.<\/p>\n<p>Wir sind nicht bereit oder verpflichtet, an Streitbeilegungsverfahren vor einer Verbraucherschlichtungsstelle teilzunehmen.<\/p>\n<p><b>Haftung f\u00fcr Inhalte<\/b><br \/>\nAls Diensteanbieter sind wir gem\u00e4\u00df \u00a7 7 Abs.1 TMG f\u00fcr eigene Inhalte auf diesen Seiten nach den allgemeinen Gesetzen verantwortlich. Nach \u00a7\u00a7 8 bis 10 TMG sind wir als Diensteanbieter jedoch nicht verpflichtet, \u00fcbermittelte oder gespeicherte fremde Informationen zu \u00fcberwachen oder nach Umst\u00e4nden zu forschen, die auf eine rechtswidrige T\u00e4tigkeit hinweisen.<\/p>\n<p>Verpflichtungen zur Entfernung oder Sperrung der Nutzung von Informationen nach den allgemeinen Gesetzen bleiben hiervon unber\u00fchrt. Eine diesbez\u00fcgliche Haftung ist jedoch erst ab dem Zeitpunkt der Kenntnis einer konkreten Rechtsverletzung m\u00f6glich. Bei Bekanntwerden von entsprechenden Rechtsverletzungen werden wir diese Inhalte umgehend entfernen.<\/p>\n<p><b>Haftung f\u00fcr Links<\/b><br \/>\nUnser Angebot enth\u00e4lt Links zu externen Websites Dritter, auf deren Inhalte wir keinen Einfluss haben. Deshalb k\u00f6nnen wir f\u00fcr diese fremden Inhalte auch keine Gew\u00e4hr \u00fcbernehmen. F\u00fcr die Inhalte der verlinkten Seiten ist stets der jeweilige Anbieter oder Betreiber der Seiten verantwortlich. Die verlinkten Seiten wurden zum Zeitpunkt der Verlinkung auf m\u00f6gliche Rechtsverst\u00f6\u00dfe \u00fcberpr\u00fcft. Rechtswidrige Inhalte waren zum Zeitpunkt der Verlinkung nicht erkennbar.<\/p>\n<p>Eine permanente inhaltliche Kontrolle der verlinkten Seiten ist jedoch ohne konkrete Anhaltspunkte einer Rechtsverletzung nicht zumutbar. Bei Bekanntwerden von Rechtsverletzungen werden wir derartige Links umgehend entfernen.<\/p>\n<p><b>Urheberrecht<\/b><br \/>\nDie durch die Seitenbetreiber erstellten Inhalte und Werke auf diesen Seiten unterliegen dem deutschen Urheberrecht. Die Vervielf\u00e4ltigung, Bearbeitung, Verbreitung und jede Art der Verwertung au\u00dferhalb der Grenzen des Urheberrechtes bed\u00fcrfen der schriftlichen Zustimmung des jeweiligen Autors bzw. Erstellers. Downloads und Kopien dieser Seite sind nur f\u00fcr den privaten, nicht kommerziellen Gebrauch gestattet.<\/p>\n<p>Soweit die Inhalte auf dieser Seite nicht vom Betreiber erstellt wurden, werden die Urheberrechte Dritter beachtet. Insbesondere werden Inhalte Dritter als solche gekennzeichnet. Sollten Sie trotzdem auf eine Urheberrechtsverletzung aufmerksam werden, bitten wir um einen entsprechenden Hinweis. Bei Bekanntwerden von Rechtsverletzungen werden wir derartige Inhalte umgehend entfernen.<\/p>\n","protected":false},"excerpt":{"rendered":"<p>Angaben gem\u00e4\u00df \u00a7 5 TMG Rafael da Costa &#8211; Der freundliche Handwerker Marion da Costa Alt Breinig 27 52223 Stolberg-Breinig Mobil: 0157 \u2013 390 76 090 Tel.: 02402 \u2013 70 96 250 Fax: 02402 \u2013 70 97 510 E-Mail: info@dacosta-handwerker.de USt-Id-Nr. tbd. St.Nr. tbd. Angaben zur Berufshaftpflichtversicherung Name und Sitz des Versicherers: LVM Versicherung 48126 &hellip; <a href=\"https:\/\/dacosta-handwerker.de\/?page_id=44\" class=\"more-link\"><span class=\"screen-reader-text\">Impressum<\/span> weiterlesen <span class=\"meta-nav\">&rarr;<\/span><\/a><\/p>\n","protected":false},"author":1,"featured_media":0,"parent":0,"menu_order":100,"comment_status":"closed","ping_status":"closed","template":"","meta":{"ngg_post_thumbnail":0,"footnotes":""},"class_list":["post-44","page","type-page","status-publish","hentry"],"yoast_head":"<!-- This site is optimized with the Yoast SEO plugin v27.4 - https:\/\/yoast.com\/product\/yoast-seo-wordpress\/ -->\n<title>Impressum - Handwerker Da Costa<\/title>\n<meta name=\"robots\" content=\"index, follow, max-snippet:-1, max-image-preview:large, max-video-preview:-1\" \/>\n<link rel=\"canonical\" href=\"https:\/\/dacosta-handwerker.de\/?page_id=44\" \/>\n<meta property=\"og:locale\" content=\"de_DE\" \/>\n<meta property=\"og:type\" content=\"article\" \/>\n<meta property=\"og:title\" content=\"Impressum - Handwerker Da Costa\" \/>\n<meta property=\"og:description\" content=\"Angaben gem\u00e4\u00df \u00a7 5 TMG Rafael da Costa &#8211; Der freundliche Handwerker Marion da Costa Alt Breinig 27 52223 Stolberg-Breinig Mobil: 0157 \u2013 390 76 090 Tel.: 02402 \u2013 70 96 250 Fax: 02402 \u2013 70 97 510 E-Mail: info@dacosta-handwerker.de USt-Id-Nr. tbd. St.Nr. tbd. Angaben zur Berufshaftpflichtversicherung Name und Sitz des Versicherers: LVM Versicherung 48126 &hellip; Impressum weiterlesen &rarr;\" \/>\n<meta property=\"og:url\" content=\"https:\/\/dacosta-handwerker.de\/?page_id=44\" \/>\n<meta property=\"og:site_name\" content=\"Handwerker Da Costa\" \/>\n<meta property=\"article:modified_time\" content=\"2026-04-08T14:21:40+00:00\" \/>\n<meta name=\"twitter:card\" content=\"summary_large_image\" \/>\n<meta name=\"twitter:label1\" content=\"Gesch\u00e4tzte Lesezeit\" \/>\n\t<meta name=\"twitter:data1\" content=\"3\u00a0Minuten\" \/>\n<script type=\"application\/ld+json\" class=\"yoast-schema-graph\">{\"@context\":\"https:\\\/\\\/schema.org\",\"@graph\":[{\"@type\":\"WebPage\",\"@id\":\"https:\\\/\\\/dacosta-handwerker.de\\\/?page_id=44\",\"url\":\"https:\\\/\\\/dacosta-handwerker.de\\\/?page_id=44\",\"name\":\"Impressum - Handwerker Da Costa\",\"isPartOf\":{\"@id\":\"https:\\\/\\\/dacosta-handwerker.de\\\/#website\"},\"datePublished\":\"2022-08-20T18:52:54+00:00\",\"dateModified\":\"2026-04-08T14:21:40+00:00\",\"breadcrumb\":{\"@id\":\"https:\\\/\\\/dacosta-handwerker.de\\\/?page_id=44#breadcrumb\"},\"inLanguage\":\"de\",\"potentialAction\":[{\"@type\":\"ReadAction\",\"target\":[\"https:\\\/\\\/dacosta-handwerker.de\\\/?page_id=44\"]}]},{\"@type\":\"BreadcrumbList\",\"@id\":\"https:\\\/\\\/dacosta-handwerker.de\\\/?page_id=44#breadcrumb\",\"itemListElement\":[{\"@type\":\"ListItem\",\"position\":1,\"name\":\"Startseite\",\"item\":\"https:\\\/\\\/dacosta-handwerker.de\\\/\"},{\"@type\":\"ListItem\",\"position\":2,\"name\":\"Impressum\"}]},{\"@type\":\"WebSite\",\"@id\":\"https:\\\/\\\/dacosta-handwerker.de\\\/#website\",\"url\":\"https:\\\/\\\/dacosta-handwerker.de\\\/\",\"name\":\"Handwerker Da Costa\",\"description\":\"Der freundliche Handwerker\",\"potentialAction\":[{\"@type\":\"SearchAction\",\"target\":{\"@type\":\"EntryPoint\",\"urlTemplate\":\"https:\\\/\\\/dacosta-handwerker.de\\\/?s={search_term_string}\"},\"query-input\":{\"@type\":\"PropertyValueSpecification\",\"valueRequired\":true,\"valueName\":\"search_term_string\"}}],\"inLanguage\":\"de\"}]}<\/script>\n<!-- \/ Yoast SEO plugin. -->","yoast_head_json":{"title":"Impressum - Handwerker Da Costa","robots":{"index":"index","follow":"follow","max-snippet":"max-snippet:-1","max-image-preview":"max-image-preview:large","max-video-preview":"max-video-preview:-1"},"canonical":"https:\/\/dacosta-handwerker.de\/?page_id=44","og_locale":"de_DE","og_type":"article","og_title":"Impressum - Handwerker Da Costa","og_description":"Angaben gem\u00e4\u00df \u00a7 5 TMG Rafael da Costa &#8211; Der freundliche Handwerker Marion da Costa Alt Breinig 27 52223 Stolberg-Breinig Mobil: 0157 \u2013 390 76 090 Tel.: 02402 \u2013 70 96 250 Fax: 02402 \u2013 70 97 510 E-Mail: info@dacosta-handwerker.de USt-Id-Nr. tbd. St.Nr. tbd. Angaben zur Berufshaftpflichtversicherung Name und Sitz des Versicherers: LVM Versicherung 48126 &hellip; Impressum weiterlesen &rarr;","og_url":"https:\/\/dacosta-handwerker.de\/?page_id=44","og_site_name":"Handwerker Da Costa","article_modified_time":"2026-04-08T14:21:40+00:00","twitter_card":"summary_large_image","twitter_misc":{"Gesch\u00e4tzte Lesezeit":"3\u00a0Minuten"},"schema":{"@context":"https:\/\/schema.org","@graph":[{"@type":"WebPage","@id":"https:\/\/dacosta-handwerker.de\/?page_id=44","url":"https:\/\/dacosta-handwerker.de\/?page_id=44","name":"Impressum - Handwerker Da Costa","isPartOf":{"@id":"https:\/\/dacosta-handwerker.de\/#website"},"datePublished":"2022-08-20T18:52:54+00:00","dateModified":"2026-04-08T14:21:40+00:00","breadcrumb":{"@id":"https:\/\/dacosta-handwerker.de\/?page_id=44#breadcrumb"},"inLanguage":"de","potentialAction":[{"@type":"ReadAction","target":["https:\/\/dacosta-handwerker.de\/?page_id=44"]}]},{"@type":"BreadcrumbList","@id":"https:\/\/dacosta-handwerker.de\/?page_id=44#breadcrumb","itemListElement":[{"@type":"ListItem","position":1,"name":"Startseite","item":"https:\/\/dacosta-handwerker.de\/"},{"@type":"ListItem","position":2,"name":"Impressum"}]},{"@type":"WebSite","@id":"https:\/\/dacosta-handwerker.de\/#website","url":"https:\/\/dacosta-handwerker.de\/","name":"Handwerker Da Costa","description":"Der freundliche Handwerker","potentialAction":[{"@type":"SearchAction","target":{"@type":"EntryPoint","urlTemplate":"https:\/\/dacosta-handwerker.de\/?s={search_term_string}"},"query-input":{"@type":"PropertyValueSpecification","valueRequired":true,"valueName":"search_term_string"}}],"inLanguage":"de"}]}},"_links":{"self":[{"href":"https:\/\/dacosta-handwerker.de\/index.php?rest_route=\/wp\/v2\/pages\/44","targetHints":{"allow":["GET"]}}],"collection":[{"href":"https:\/\/dacosta-handwerker.de\/index.php?rest_route=\/wp\/v2\/pages"}],"about":[{"href":"https:\/\/dacosta-handwerker.de\/index.php?rest_route=\/wp\/v2\/types\/page"}],"author":[{"embeddable":true,"href":"https:\/\/dacosta-handwerker.de\/index.php?rest_route=\/wp\/v2\/users\/1"}],"replies":[{"embeddable":true,"href":"https:\/\/dacosta-handwerker.de\/index.php?rest_route=%2Fwp%2Fv2%2Fcomments&post=44"}],"version-history":[{"count":8,"href":"https:\/\/dacosta-handwerker.de\/index.php?rest_route=\/wp\/v2\/pages\/44\/revisions"}],"predecessor-version":[{"id":262,"href":"https:\/\/dacosta-handwerker.de\/index.php?rest_route=\/wp\/v2\/pages\/44\/revisions\/262"}],"wp:attachment":[{"href":"https:\/\/dacosta-handwerker.de\/index.php?rest_route=%2Fwp%2Fv2%2Fmedia&parent=44"}],"curies":[{"name":"wp","href":"https:\/\/api.w.org\/{rel}","templated":true}]}}